{"id":32,"date":"2025-12-09T18:49:36","date_gmt":"2025-12-09T18:49:36","guid":{"rendered":"https:\/\/virginiablancopsicologia.com\/?page_id=32"},"modified":"2025-12-10T13:46:17","modified_gmt":"2025-12-10T13:46:17","slug":"terapia-infanto-juvenil","status":"publish","type":"page","link":"https:\/\/virginiablancopsicologia.com\/?page_id=32","title":{"rendered":"Terapia infanto juvenil"},"content":{"rendered":"\t\t<div data-elementor-type=\"wp-page\" data-elementor-id=\"32\" class=\"elementor elementor-32\">\n\t\t\t\t<div class=\"elementor-element elementor-element-8b153d8 e-con-full e-flex e-con e-parent\" data-id=\"8b153d8\" data-element_type=\"container\" data-settings=\"{&quot;background_background&quot;:&quot;classic&quot;}\">\n\t\t<div class=\"elementor-element elementor-element-1292bea e-con-full e-flex e-con e-child\" data-id=\"1292bea\" data-element_type=\"container\" data-settings=\"{&quot;background_background&quot;:&quot;classic&quot;}\">\n\t\t\t\t<div class=\"elementor-element elementor-element-0a239a1 elementor-widget elementor-widget-spacer\" data-id=\"0a239a1\" data-element_type=\"widget\" data-widget_type=\"spacer.default\">\n\t\t\t\t\t\t\t<div class=\"elementor-spacer\">\n\t\t\t<div class=\"elementor-spacer-inner\"><\/div>\n\t\t<\/div>\n\t\t\t\t\t\t<\/div>\n\t\t\t\t<div class=\"elementor-element elementor-element-4485eb4 elementor-widget elementor-widget-heading\" data-id=\"4485eb4\" data-element_type=\"widget\" data-widget_type=\"heading.default\">\n\t\t\t\t\t<h2 class=\"elementor-heading-title elementor-size-default\">TERAPIA INFANTO JUVENIL<\/h2>\t\t\t\t<\/div>\n\t\t\t\t<div class=\"elementor-element elementor-element-52d411b elementor-widget elementor-widget-heading\" data-id=\"52d411b\" data-element_type=\"widget\" data-widget_type=\"heading.default\">\n\t\t\t\t\t<h3 class=\"elementor-heading-title elementor-size-default\">Un espacio dedicado a los ni\u00f1os y adolescentes<\/h3>\t\t\t\t<\/div>\n\t\t\t\t<div class=\"elementor-element elementor-element-6653e64 elementor-widget elementor-widget-image\" data-id=\"6653e64\" data-element_type=\"widget\" data-widget_type=\"image.default\">\n\t\t\t\t\t\t\t\t\t\t\t\t\t\t\t<img fetchpriority=\"high\" decoding=\"async\" width=\"364\" height=\"368\" src=\"https:\/\/virginiablancopsicologia.com\/wp-content\/uploads\/2025\/12\/Captura-de-pantalla-2025-12-09-a-las-19.16.47.png\" class=\"attachment-large size-large wp-image-117\" alt=\"\" srcset=\"https:\/\/virginiablancopsicologia.com\/wp-content\/uploads\/2025\/12\/Captura-de-pantalla-2025-12-09-a-las-19.16.47.png 364w, https:\/\/virginiablancopsicologia.com\/wp-content\/uploads\/2025\/12\/Captura-de-pantalla-2025-12-09-a-las-19.16.47-297x300.png 297w\" sizes=\"(max-width: 364px) 100vw, 364px\" \/>\t\t\t\t\t\t\t\t\t\t\t\t\t\t\t<\/div>\n\t\t\t\t<div class=\"elementor-element elementor-element-2d4bd61 elementor-widget elementor-widget-text-editor\" data-id=\"2d4bd61\" data-element_type=\"widget\" data-widget_type=\"text-editor.default\">\n\t\t\t\t\t\t\t\t\t<p data-start=\"355\" data-end=\"719\">La infancia y la adolescencia son etapas en las que se construyen las bases del <strong data-start=\"435\" data-end=\"479\">desarrollo emocional, social y cognitivo<\/strong>. En este proceso, cada ni\u00f1o y adolescente va alcanzando sus <strong data-start=\"540\" data-end=\"564\">hitos del desarrollo<\/strong> a su propio ritmo: aprender a identificar lo que siente, expresar sus necesidades, relacionarse con los dem\u00e1s, tomar decisiones y consolidar su identidad.<\/p><p data-start=\"721\" data-end=\"1108\">En ocasiones, este camino puede verse influido por factores <strong>internos<\/strong> (como la sensibilidad emocional, la forma de procesar la informaci\u00f3n o el temperamento) o <strong>externos<\/strong> (como cambios familiares, demandas acad\u00e9micas o relaciones sociales). Cuando esto sucede, puede aparecer <strong data-start=\"994\" data-end=\"1016\">malestar<\/strong>, dificultad para manejar la frustraci\u00f3n, ansiedad, baja autoestima, bloqueos o inseguridad.<\/p><p data-start=\"336\" data-end=\"629\">En terapia, creamos <strong data-start=\"886\" data-end=\"929\">un espacio seguro, respetuoso y cercano<\/strong>, donde puedan:<\/p><ul data-start=\"946\" data-end=\"1077\"><li data-start=\"946\" data-end=\"980\"><p data-start=\"948\" data-end=\"980\">poner palabras a lo que sienten,<\/p><\/li><li data-start=\"981\" data-end=\"996\"><p data-start=\"983\" data-end=\"996\">comprenderse,<\/p><\/li><li data-start=\"997\" data-end=\"1033\"><p data-start=\"999\" data-end=\"1033\">aprender herramientas,<\/p><\/li><li data-start=\"1034\" data-end=\"1077\"><p data-start=\"1036\" data-end=\"1077\">y desarrollar recursos para su d\u00eda a d\u00eda.<\/p><\/li><\/ul><p data-start=\"1079\" data-end=\"1293\">Adem\u00e1s, <strong data-start=\"1087\" data-end=\"1129\">el acompa\u00f1amiento incluye a la familia<\/strong>, porque el bienestar emocional se construye en relaci\u00f3n. Juntos revisamos necesidades, estrategias y formas de apoyo que encajen con vuestro hogar y vuestro ritmo.<\/p><h3 data-start=\"601\" data-end=\"634\"><em><strong data-start=\"605\" data-end=\"634\">\u00bfEn qu\u00e9 podemos trabajar?<\/strong><\/em><\/h3><p data-start=\"635\" data-end=\"909\">\ud83d\udc9c Ansiedad o estr\u00e9s<\/p><p data-start=\"635\" data-end=\"909\">\ud83d\udc9c Fobias<\/p><p data-start=\"635\" data-end=\"909\">\ud83d\udc9c Estado de \u00e1nimo bajo<\/p><p data-start=\"635\" data-end=\"909\">\ud83d\udc9c Problemas de sue\u00f1o<\/p><p data-start=\"635\" data-end=\"909\">\ud83d\udc9c Autoconocimiento<\/p><p data-start=\"635\" data-end=\"909\">\ud83d\udc9c Dificultades sociales<\/p><p data-start=\"635\" data-end=\"909\">\ud83d\udc9c Asertividad<\/p><p data-start=\"635\" data-end=\"909\">\ud83d\udc9c Problemas familiares<\/p><p data-start=\"635\" data-end=\"909\">\ud83d\udc9c Dependencia emocional<\/p><p data-start=\"635\" data-end=\"909\">\ud83d\udc9c Relaciones y v\u00ednculos afectivos<\/p><p data-start=\"635\" data-end=\"909\">\ud83d\udc9c Baja autoestima o inseguridad<\/p><p data-start=\"635\" data-end=\"909\">\ud83d\udc9c Insatisfacci\u00f3n corporal<\/p><p data-start=\"635\" data-end=\"909\">\ud83d\udc9c Situaciones de duelo, ruptura o transici\u00f3n<\/p><p data-start=\"635\" data-end=\"909\">\ud83d\udc9c Somatizaciones<\/p><p data-start=\"635\" data-end=\"909\">\ud83d\udc9c Problemas de conducta<\/p>\t\t\t\t\t\t\t\t<\/div>\n\t\t\t\t<div class=\"elementor-element elementor-element-30172cb elementor-widget elementor-widget-spacer\" data-id=\"30172cb\" data-element_type=\"widget\" data-widget_type=\"spacer.default\">\n\t\t\t\t\t\t\t<div class=\"elementor-spacer\">\n\t\t\t<div class=\"elementor-spacer-inner\"><\/div>\n\t\t<\/div>\n\t\t\t\t\t\t<\/div>\n\t\t\t\t<\/div>\n\t\t\t\t<\/div>\n\t\t<div class=\"elementor-element elementor-element-e9045b8 e-con-full e-flex e-con e-parent\" data-id=\"e9045b8\" data-element_type=\"container\" data-settings=\"{&quot;background_background&quot;:&quot;classic&quot;}\">\n\t\t<div class=\"elementor-element elementor-element-3077bd2 e-con-full e-flex e-con e-child\" data-id=\"3077bd2\" data-element_type=\"container\" data-settings=\"{&quot;background_background&quot;:&quot;classic&quot;}\">\n\t\t<div class=\"elementor-element elementor-element-efa89bf e-con-full e-flex e-con e-child\" data-id=\"efa89bf\" data-element_type=\"container\" data-settings=\"{&quot;background_background&quot;:&quot;classic&quot;}\">\n\t\t\t\t<div class=\"elementor-element elementor-element-34db035 elementor-widget elementor-widget-image\" data-id=\"34db035\" data-element_type=\"widget\" data-widget_type=\"image.default\">\n\t\t\t\t\t\t\t\t\t\t\t\t\t\t\t<img decoding=\"async\" width=\"768\" height=\"960\" src=\"https:\/\/virginiablancopsicologia.com\/wp-content\/uploads\/2025\/11\/LogoCompletoSimplificado-768x960.png\" class=\"attachment-medium_large size-medium_large wp-image-43\" alt=\"\" srcset=\"https:\/\/virginiablancopsicologia.com\/wp-content\/uploads\/2025\/11\/LogoCompletoSimplificado-768x960.png 768w, https:\/\/virginiablancopsicologia.com\/wp-content\/uploads\/2025\/11\/LogoCompletoSimplificado-240x300.png 240w, https:\/\/virginiablancopsicologia.com\/wp-content\/uploads\/2025\/11\/LogoCompletoSimplificado-819x1024.png 819w, https:\/\/virginiablancopsicologia.com\/wp-content\/uploads\/2025\/11\/LogoCompletoSimplificado-1229x1536.png 1229w, https:\/\/virginiablancopsicologia.com\/wp-content\/uploads\/2025\/11\/LogoCompletoSimplificado-1638x2048.png 1638w, https:\/\/virginiablancopsicologia.com\/wp-content\/uploads\/2025\/11\/LogoCompletoSimplificado-scaled.png 2048w\" sizes=\"(max-width: 768px) 100vw, 768px\" \/>\t\t\t\t\t\t\t\t\t\t\t\t\t\t\t<\/div>\n\t\t\t\t<\/div>\n\t\t<div class=\"elementor-element elementor-element-4572d41 e-con-full e-flex e-con e-child\" data-id=\"4572d41\" data-element_type=\"container\">\n\t\t\t\t<div class=\"elementor-element elementor-element-0dc99a4 elementor-widget elementor-widget-heading\" data-id=\"0dc99a4\" data-element_type=\"widget\" data-widget_type=\"heading.default\">\n\t\t\t\t\t<h2 class=\"elementor-heading-title elementor-size-default\">Mi enfoque<\/h2>\t\t\t\t<\/div>\n\t\t\t\t<div class=\"elementor-element elementor-element-e1a2744 elementor-widget elementor-widget-text-editor\" data-id=\"e1a2744\" data-element_type=\"widget\" data-widget_type=\"text-editor.default\">\n\t\t\t\t\t\t\t\t\t<p data-start=\"244\" data-end=\"537\">Trabajo desde una <strong data-start=\"217\" data-end=\"240\">terapia integradora<\/strong>, lo que significa que adapto las intervenciones a las necesidades y caracter\u00edsticas de cada ni\u00f1o o adolescente. Cada proceso es \u00fanico.<\/p><p data-start=\"219\" data-end=\"339\">\ud83d\udc9c <strong data-start=\"222\" data-end=\"243\">Un v\u00ednculo seguro<\/strong><br data-start=\"243\" data-end=\"246\" \/>Crear un espacio donde el ni\u00f1o\/a o adolescente se sienta acompa\u00f1ado, comprendido y respetado.<\/p><p data-start=\"341\" data-end=\"510\">\ud83d\udc9c <strong data-start=\"344\" data-end=\"400\">Escucha y comunicaci\u00f3n adaptada a su etapa evolutiva<\/strong><br data-start=\"400\" data-end=\"403\" \/>Entendiendo su forma de expresarse, ya sea mediante palabras, juego, cuentos, dibujo o met\u00e1foras propias de su edad.<\/p><p data-start=\"512\" data-end=\"632\">\ud83d\udc9c <strong data-start=\"515\" data-end=\"539\">Validaci\u00f3n emocional<\/strong><br data-start=\"539\" data-end=\"542\" \/>Ayud\u00e1ndoles a reconocer, nombrar y dar sentido a lo que sienten.<\/p><p data-start=\"634\" data-end=\"806\">\ud83d\udc9c <strong data-start=\"637\" data-end=\"675\">Respeto por su ritmo y necesidades<\/strong><br data-start=\"675\" data-end=\"678\" \/>Cada proceso es \u00fanico. Observamos c\u00f3mo se encuentra en relaci\u00f3n con sus <strong data-start=\"750\" data-end=\"774\">hitos del desarrollo<\/strong>, su entorno y sus experiencias.<\/p><p data-start=\"808\" data-end=\"973\">\ud83d\udc9c <strong data-start=\"811\" data-end=\"855\">Juego, creatividad y expresi\u00f3n simb\u00f3lica<\/strong><br data-start=\"855\" data-end=\"858\" \/>Porque el juego no es solo juego: es su lenguaje interno, su forma de procesar el mundo y de elaborar experiencias.<\/p><p data-start=\"975\" data-end=\"1147\">\ud83d\udc9c <strong data-start=\"978\" data-end=\"1024\">Trabajo con la familia\u00a0<\/strong><br data-start=\"1024\" data-end=\"1027\" \/>Acompa\u00f1ando tambi\u00e9n a madres, padres o cuidadores, para sostener el proceso terap\u00e9utico y reforzar herramientas en casa.<\/p><p data-start=\"1149\" data-end=\"1284\">\ud83d\udc9c <strong data-start=\"1152\" data-end=\"1203\">Construcci\u00f3n de recursos emocionales y sociales<\/strong><br data-start=\"1203\" data-end=\"1206\" \/>Fomentando autoestima, regulaci\u00f3n emocional, habilidades sociales y autonom\u00eda.<\/p>\t\t\t\t\t\t\t\t<\/div>\n\t\t\t\t<\/div>\n\t\t\t\t<\/div>\n\t\t\t\t<\/div>\n\t\t<div class=\"elementor-element elementor-element-18d440f e-con-full e-flex e-con e-parent\" data-id=\"18d440f\" data-element_type=\"container\" data-settings=\"{&quot;background_background&quot;:&quot;classic&quot;}\">\n\t\t<div class=\"elementor-element elementor-element-e56106b e-con-full e-flex e-con e-child\" data-id=\"e56106b\" data-element_type=\"container\" data-settings=\"{&quot;background_background&quot;:&quot;classic&quot;}\">\n\t\t\t\t<div class=\"elementor-element elementor-element-4e00a76 elementor-widget elementor-widget-heading\" data-id=\"4e00a76\" data-element_type=\"widget\" data-widget_type=\"heading.default\">\n\t\t\t\t\t<h2 class=\"elementor-heading-title elementor-size-default\">Si crees que tu hijo puede necesitar acompa\u00f1amiento, estoy por aqu\u00ed para acompa\u00f1aros.<\/h2>\t\t\t\t<\/div>\n\t\t\t\t<\/div>\n\t\t\t\t<\/div>\n\t\t<div class=\"elementor-element elementor-element-33f8ea8 e-con-full e-flex e-con e-parent\" data-id=\"33f8ea8\" data-element_type=\"container\" data-settings=\"{&quot;background_background&quot;:&quot;classic&quot;}\">\n\t\t<div class=\"elementor-element elementor-element-84e88c7 e-flex e-con-boxed e-con e-child\" data-id=\"84e88c7\" data-element_type=\"container\" data-settings=\"{&quot;background_background&quot;:&quot;classic&quot;,&quot;shape_divider_bottom&quot;:&quot;wave-brush&quot;}\">\n\t\t\t\t\t<div class=\"e-con-inner\">\n\t\t\t\t<div class=\"elementor-shape elementor-shape-bottom\" aria-hidden=\"true\" data-negative=\"false\">\n\t\t\t<svg xmlns=\"http:\/\/www.w3.org\/2000\/svg\" viewBox=\"0 0 283.5 27.8\" preserveAspectRatio=\"none\">\n\t<path class=\"elementor-shape-fill\" d=\"M283.5,9.7c0,0-7.3,4.3-14,4.6c-6.8,0.3-12.6,0-20.9-1.5c-11.3-2-33.1-10.1-44.7-5.7\ts-12.1,4.6-18,7.4c-6.6,3.2-20,9.6-36.6,9.3C131.6,23.5,99.5,7.2,86.3,8c-1.4,0.1-6.6,0.8-10.5,2c-3.8,1.2-9.4,3.8-17,4.7\tc-3.2,0.4-8.3,1.1-14.2,0.9c-1.5-0.1-6.3-0.4-12-1.6c-5.7-1.2-11-3.1-15.8-3.7C6.5,9.2,0,10.8,0,10.8V0h283.5V9.7z M260.8,11.3\tc-0.7-1-2-0.4-4.3-0.4c-2.3,0-6.1-1.2-5.8-1.1c0.3,0.1,3.1,1.5,6,1.9C259.7,12.2,261.4,12.3,260.8,11.3z M242.4,8.6\tc0,0-2.4-0.2-5.6-0.9c-3.2-0.8-10.3-2.8-15.1-3.5c-8.2-1.1-15.8,0-15.1,0.1c0.8,0.1,9.6-0.6,17.6,1.1c3.3,0.7,9.3,2.2,12.4,2.7\tC239.9,8.7,242.4,8.6,242.4,8.6z M185.2,8.5c1.7-0.7-13.3,4.7-18.5,6.1c-2.1,0.6-6.2,1.6-10,2c-3.9,0.4-8.9,0.4-8.8,0.5\tc0,0.2,5.8,0.8,11.2,0c5.4-0.8,5.2-1.1,7.6-1.6C170.5,14.7,183.5,9.2,185.2,8.5z M199.1,6.9c0.2,0-0.8-0.4-4.8,1.1\tc-4,1.5-6.7,3.5-6.9,3.7c-0.2,0.1,3.5-1.8,6.6-3C197,7.5,199,6.9,199.1,6.9z M283,6c-0.1,0.1-1.9,1.1-4.8,2.5s-6.9,2.8-6.7,2.7\tc0.2,0,3.5-0.6,7.4-2.5C282.8,6.8,283.1,5.9,283,6z M31.3,11.6c0.1-0.2-1.9-0.2-4.5-1.2s-5.4-1.6-7.8-2C15,7.6,7.3,8.5,7.7,8.6\tC8,8.7,15.9,8.3,20.2,9.3c2.2,0.5,2.4,0.5,5.7,1.6S31.2,11.9,31.3,11.6z M73,9.2c0.4-0.1,3.5-1.6,8.4-2.6c4.9-1.1,8.9-0.5,8.9-0.8\tc0-0.3-1-0.9-6.2-0.3S72.6,9.3,73,9.2z M71.6,6.7C71.8,6.8,75,5.4,77.3,5c2.3-0.3,1.9-0.5,1.9-0.6c0-0.1-1.1-0.2-2.7,0.2\tC74.8,5.1,71.4,6.6,71.6,6.7z M93.6,4.4c0.1,0.2,3.5,0.8,5.6,1.8c2.1,1,1.8,0.6,1.9,0.5c0.1-0.1-0.8-0.8-2.4-1.3\tC97.1,4.8,93.5,4.2,93.6,4.4z M65.4,11.1c-0.1,0.3,0.3,0.5,1.9-0.2s2.6-1.3,2.2-1.2s-0.9,0.4-2.5,0.8C65.3,10.9,65.5,10.8,65.4,11.1\tz M34.5,12.4c-0.2,0,2.1,0.8,3.3,0.9c1.2,0.1,2,0.1,2-0.2c0-0.3-0.1-0.5-1.6-0.4C36.6,12.8,34.7,12.4,34.5,12.4z M152.2,21.1\tc-0.1,0.1-2.4-0.3-7.5-0.3c-5,0-13.6-2.4-17.2-3.5c-3.6-1.1,10,3.9,16.5,4.1C150.5,21.6,152.3,21,152.2,21.1z\"\/>\n\t<path class=\"elementor-shape-fill\" d=\"M269.6,18c-0.1-0.1-4.6,0.3-7.2,0c-7.3-0.7-17-3.2-16.6-2.9c0.4,0.3,13.7,3.1,17,3.3\tC267.7,18.8,269.7,18,269.6,18z\"\/>\n\t<path class=\"elementor-shape-fill\" d=\"M227.4,9.8c-0.2-0.1-4.5-1-9.5-1.2c-5-0.2-12.7,0.6-12.3,0.5c0.3-0.1,5.9-1.8,13.3-1.2\tS227.6,9.9,227.4,9.8z\"\/>\n\t<path class=\"elementor-shape-fill\" d=\"M204.5,13.4c-0.1-0.1,2-1,3.2-1.1c1.2-0.1,2,0,2,0.3c0,0.3-0.1,0.5-1.6,0.4\tC206.4,12.9,204.6,13.5,204.5,13.4z\"\/>\n\t<path class=\"elementor-shape-fill\" d=\"M201,10.6c0-0.1-4.4,1.2-6.3,2.2c-1.9,0.9-6.2,3.1-6.1,3.1c0.1,0.1,4.2-1.6,6.3-2.6\tS201,10.7,201,10.6z\"\/>\n\t<path class=\"elementor-shape-fill\" d=\"M154.5,26.7c-0.1-0.1-4.6,0.3-7.2,0c-7.3-0.7-17-3.2-16.6-2.9c0.4,0.3,13.7,3.1,17,3.3\tC152.6,27.5,154.6,26.8,154.5,26.7z\"\/>\n\t<path class=\"elementor-shape-fill\" d=\"M41.9,19.3c0,0,1.2-0.3,2.9-0.1c1.7,0.2,5.8,0.9,8.2,0.7c4.2-0.4,7.4-2.7,7-2.6\tc-0.4,0-4.3,2.2-8.6,1.9c-1.8-0.1-5.1-0.5-6.7-0.4S41.9,19.3,41.9,19.3z\"\/>\n\t<path class=\"elementor-shape-fill\" d=\"M75.5,12.6c0.2,0.1,2-0.8,4.3-1.1c2.3-0.2,2.1-0.3,2.1-0.5c0-0.1-1.8-0.4-3.4,0\tC76.9,11.5,75.3,12.5,75.5,12.6z\"\/>\n\t<path class=\"elementor-shape-fill\" d=\"M15.6,13.2c0-0.1,4.3,0,6.7,0.5c2.4,0.5,5,1.9,5,2c0,0.1-2.7-0.8-5.1-1.4\tC19.9,13.7,15.7,13.3,15.6,13.2z\"\/>\n<\/svg>\t\t<\/div>\n\t\t\t\t<div class=\"elementor-element elementor-element-ec59896 elementor-view-default elementor-widget elementor-widget-icon\" data-id=\"ec59896\" data-element_type=\"widget\" data-widget_type=\"icon.default\">\n\t\t\t\t\t\t\t<div class=\"elementor-icon-wrapper\">\n\t\t\t<a class=\"elementor-icon\" href=\"mailto:virginiablanco.psicologia@gmail.com\" target=\"_blank\">\n\t\t\t<svg aria-hidden=\"true\" class=\"e-font-icon-svg e-far-envelope\" viewBox=\"0 0 512 512\" xmlns=\"http:\/\/www.w3.org\/2000\/svg\"><path d=\"M464 64H48C21.49 64 0 85.49 0 112v288c0 26.51 21.49 48 48 48h416c26.51 0 48-21.49 48-48V112c0-26.51-21.49-48-48-48zm0 48v40.805c-22.422 18.259-58.168 46.651-134.587 106.49-16.841 13.247-50.201 45.072-73.413 44.701-23.208.375-56.579-31.459-73.413-44.701C106.18 199.465 70.425 171.067 48 152.805V112h416zM48 400V214.398c22.914 18.251 55.409 43.862 104.938 82.646 21.857 17.205 60.134 55.186 103.062 54.955 42.717.231 80.509-37.199 103.053-54.947 49.528-38.783 82.032-64.401 104.947-82.653V400H48z\"><\/path><\/svg>\t\t\t<\/a>\n\t\t<\/div>\n\t\t\t\t\t\t<\/div>\n\t\t\t\t<div class=\"elementor-element elementor-element-a672c4a elementor-view-default elementor-widget elementor-widget-icon\" data-id=\"a672c4a\" data-element_type=\"widget\" data-widget_type=\"icon.default\">\n\t\t\t\t\t\t\t<div class=\"elementor-icon-wrapper\">\n\t\t\t<a class=\"elementor-icon\" href=\"https:\/\/wa.me\/34624072528\">\n\t\t\t<svg aria-hidden=\"true\" class=\"e-font-icon-svg e-fab-whatsapp\" viewBox=\"0 0 448 512\" xmlns=\"http:\/\/www.w3.org\/2000\/svg\"><path d=\"M380.9 97.1C339 55.1 283.2 32 223.9 32c-122.4 0-222 99.6-222 222 0 39.1 10.2 77.3 29.6 111L0 480l117.7-30.9c32.4 17.7 68.9 27 106.1 27h.1c122.3 0 224.1-99.6 224.1-222 0-59.3-25.2-115-67.1-157zm-157 341.6c-33.2 0-65.7-8.9-94-25.7l-6.7-4-69.8 18.3L72 359.2l-4.4-7c-18.5-29.4-28.2-63.3-28.2-98.2 0-101.7 82.8-184.5 184.6-184.5 49.3 0 95.6 19.2 130.4 54.1 34.8 34.9 56.2 81.2 56.1 130.5 0 101.8-84.9 184.6-186.6 184.6zm101.2-138.2c-5.5-2.8-32.8-16.2-37.9-18-5.1-1.9-8.8-2.8-12.5 2.8-3.7 5.6-14.3 18-17.6 21.8-3.2 3.7-6.5 4.2-12 1.4-32.6-16.3-54-29.1-75.5-66-5.7-9.8 5.7-9.1 16.3-30.3 1.8-3.7.9-6.9-.5-9.7-1.4-2.8-12.5-30.1-17.1-41.2-4.5-10.8-9.1-9.3-12.5-9.5-3.2-.2-6.9-.2-10.6-.2-3.7 0-9.7 1.4-14.8 6.9-5.1 5.6-19.4 19-19.4 46.3 0 27.3 19.9 53.7 22.6 57.4 2.8 3.7 39.1 59.7 94.8 83.8 35.2 15.2 49 16.5 66.6 13.9 10.7-1.6 32.8-13.4 37.4-26.4 4.6-13 4.6-24.1 3.2-26.4-1.3-2.5-5-3.9-10.5-6.6z\"><\/path><\/svg>\t\t\t<\/a>\n\t\t<\/div>\n\t\t\t\t\t\t<\/div>\n\t\t\t\t\t<\/div>\n\t\t\t\t<\/div>\n\t\t\t\t<\/div>\n\t\t\t\t<\/div>\n\t\t","protected":false},"excerpt":{"rendered":"<p>TERAPIA INFANTO JUVENIL Un espacio dedicado a los ni\u00f1os y adolescentes La infancia y la adolescencia son etapas en las que se construyen las bases del desarrollo emocional, social y cognitivo. En este proceso, cada ni\u00f1o y adolescente va alcanzando sus hitos del desarrollo a su propio ritmo: aprender a identificar lo que siente, expresar [&hellip;]<\/p>\n","protected":false},"author":1,"featured_media":0,"parent":0,"menu_order":0,"comment_status":"closed","ping_status":"closed","template":"elementor_canvas","meta":{"footnotes":""},"class_list":["post-32","page","type-page","status-publish","hentry"],"_links":{"self":[{"href":"https:\/\/virginiablancopsicologia.com\/index.php?rest_route=\/wp\/v2\/pages\/32","targetHints":{"allow":["GET"]}}],"collection":[{"href":"https:\/\/virginiablancopsicologia.com\/index.php?rest_route=\/wp\/v2\/pages"}],"about":[{"href":"https:\/\/virginiablancopsicologia.com\/index.php?rest_route=\/wp\/v2\/types\/page"}],"author":[{"embeddable":true,"href":"https:\/\/virginiablancopsicologia.com\/index.php?rest_route=\/wp\/v2\/users\/1"}],"replies":[{"embeddable":true,"href":"https:\/\/virginiablancopsicologia.com\/index.php?rest_route=%2Fwp%2Fv2%2Fcomments&post=32"}],"version-history":[{"count":13,"href":"https:\/\/virginiablancopsicologia.com\/index.php?rest_route=\/wp\/v2\/pages\/32\/revisions"}],"predecessor-version":[{"id":191,"href":"https:\/\/virginiablancopsicologia.com\/index.php?rest_route=\/wp\/v2\/pages\/32\/revisions\/191"}],"wp:attachment":[{"href":"https:\/\/virginiablancopsicologia.com\/index.php?rest_route=%2Fwp%2Fv2%2Fmedia&parent=32"}],"curies":[{"name":"wp","href":"https:\/\/api.w.org\/{rel}","templated":true}]}}